8
-120
What is -2012 (base 4) in base 10?
-134
What is -4 (base 13) in base 12?
-4
What is 0 (base 14) in base 6?
0
What is 22 (base 13) in base 2?
11100
51 (base 7) to base 16
24
What is -246 (base 9) in base 8?
-314
What is -15 (base 8) in base 6?
-21
Convert 17 (base 16) to base 13.
1a
Convert 7 (base 14) to base 7.
10
What is -169 (base 11) in base 4?
-3010
11 (base 12) to base 8
15
0 (base 9) to base 7
0
-132 (base 4) to base 9
-33
What is -230 (base 4) in base 2?
-101100
What is 210 (base 3) in base 16?
15
Convert 1 (base 7) to base 8.
1
Convert -1 (base 7) to base 8.
-1
-1 (base 7) to base 15
-1
What is -140 (base 6) in base 5?
-220
1 (base 7) to base 10
1
What is -222 (base 3) in base 2?
-11010
What is -a (base 13) in base 6?
-14
-62 (base 12) to base 5
-244
Convert 2 (base 16) to base 5.
2
What is -2310 (base 4) in base 13?
-10b
7 (base 15) to base 10
7
What is 3 (base 12) in base 9?
3
Convert -9 (base 12) to base 10.
-9
-4 (base 14) to base 8
-4
Convert -312 (base 4) to base 9.
-60
Convert 41 (base 15) to base 2.
111101
0 (base 11) to base 9
0
1 (base 14) to base 6
1
-1021 (base 4) to base 15
-4d
Convert 1b (base 15) to base 4.
122
Convert 11 (base 2) to base 10.
3
What is -5 (base 16) in base 15?
-5
What is 12 (base 7) in base 12?
9
What is 12 (base 8) in base 15?
a
48 (base 11) to base 12
44
What is -1 (base 15) in base 2?
-1
Convert -f2 (base 16) to base 3.
-22222
163 (base 10) to base 9
201
Convert -2 (base 6) to base 16.
-2
Convert 10 (base 5) to base 7.
5
Convert -12 (base 6) to base 14.
-8
1026 (base 7) to base 14
1bd
Convert 1113 (base 6) to base 9.
320
-1 (base 15) to base 7
-1
What is 100 (base 2) in base 4?
10
Convert 3 (base 16) to base 7.
3
Convert 5 (base 9) to base 12.
5
Convert 6 (base 13) to base 8.
6
-3 (base 5) to base 11
-3
0 (base 14) to base 15
0
What is 4 (base 9) in base 14?
4
What is 7 (base 12) in base 15?
7
What is -10 (base 15) in base 13?
-12
Convert 3 (base 10) to base 6.
3
Convert 36 (base 9) to base 16.
21
Convert -25 (base 9) to base 12.
-1b
Convert 2 (base 8) to base 16.
2
What is 1 (base 14) in base 5?
1
What is 14 (base 14) in base 2?
10010
What is -1 (base 2) in base 10?
-1
What is 10110 (base 2) in base 16?
16
Convert 0 (base 9) to base 7.
0
What is 1 (base 6) in base 10?
1
0 (base 5) to base 15
0
What is 210 (base 4) in base 12?
30
What is 9 (base 11) in base 12?
9
7 (base 8) to base 10
7
What is -14 (base 5) in base 6?
-13
0 (base 14) to base 4
0
Convert -4 (base 16) to base 8.
-4
What is 0 (base 16) in base 2?
0
3 (base 13) to base 16
3
What is 16 (base 10) in base 2?
10000
What is 5 (base 15) in base 11?
5
159 (base 14) to base 13
182
Convert 3 (base 15) to base 4.
3
What is 2 (base 8) in base 7?
2
Convert 26 (base 10) to base 14.
1c
What is 0 (base 16) in base 9?
0
What is 140 (base 13) in base 16?
dd
-7 (base 14) to base 3
-21
Convert -120 (base 3) to base 10.
-15
-6 (base 15) to base 2
-110
Convert -1 (base 13) to base 6.
-1
-1b (base 14) to base 3
-221
-9b (base 12) to base 6
-315
Convert 9 (base 16) to base 8.
11
Convert -13b (base 14) to base 15.
-119
0 (base 9) to base 8
0
-1 (base 15) to base 5
-1
16 (base 9) to base 13
12
What is -32 (base 8) in base 7?
-35
Convert -2 (base 9) to base 5.
-2
65 (base 10) to base 8
101
Convert -42 (base 6) to base 16.
-1a
0 (base 3) to base 4
0
22 (base 5) to base 4
30
What is 47 (base 14) in base 8?
77
What is 10010110 (base 2) in base 8?
226
-11002 (base 3) to base 14
-7c
What is -20 (base 8) in base 5?
-31
11 (base 4) to base 11
5
Convert 2 (base 11) to base 16.
2
-3 (base 5) to base 2
-11
0 (base 12) to base 10
0
What is 222 (base 4) in base 15?
2c
-24 (base 7) to base 9
-20
What is 4 (base 12) in base 7?
4
What is -231 (base 7) in base 2?
-1111000
Convert -3 (base 10) to base 2.
-11
What is -66 (base 7) in base 10?
-48
What is 11 (base 8) in base 16?
9
What is 323 (base 6) in base 7?
234
100 (base 2) to base 15
4
Convert -9 (base 11) to base 8.
-11
What is -ad (base 14) in base 10?
-153
-11 (base 6) to base 12
-7
12 (base 6) to base 5
13
0 (base 13) to base 11
0
1 (base 13) to base 12
1
-4 (base 8) to base 3
-11
Convert -2 (base 6) to base 11.
-2
Convert 5 (base 9) to base 5.
10
Convert 0 (base 15) to base 10.
0
Convert -1 (base 15) to base 8.
-1
-b (base 12) to base 13
-b
Convert 6 (base 16) to base 11.
6
20 (base 7) to base 14
10
-101 (base 3) to base 9
-11
-212 (base 7) to base 12
-8b
What is 0 (base 16) in base 7?
0
What is 1 (base 5) in base 15?
1
What is -505 (base 6) in base 3?
-20212
Convert 0 (base 12) to base 4.
0
Convert 6 (base 7) to base 15.
6
What is 110 (base 2) in base 9?
6
14 (base 15) to base 13
16
-6 (base 11) to base 9
-6
Convert 1011111 (base 2) to base 10.
95
What is -3 (base 16) in base 10?
-3
What is -11 (base 3) in base 11?
-4
Convert 6 (base 11) to base 15.
6
What is -100 (base 3) in base 4?
-21
7 (base 8) to base 6
11
Convert cb (base 14) to base 10.
179
Convert -4 (base 15) to base 10.
-4
Convert 55 (base 14) to base 16.
4b
138 (base 13) to base 4
3120
Convert 9 (base 12) to base 11.
9
What is a2 (base 15) in base 10?
152
Convert -1 (base 15) to base 7.
-1
Convert 305 (base 9) to base 6.
1052
-2 (base 15) to base 10
-2
What is -2 (base 8) in base 16?
-2
Convert b (base 15) to base 8.
13
10 (base 2) to base 9
2
Convert -6 (base 10) to base 14.
-6
Convert 20 (base 4) to base 5.
13
Convert -2344 (base 5) to base 14.
-1ad
-3 (base 10) to base 15
-3
What is 12 (base 5) in base 10?
7
What is -1122 (base 4) in base 3?
-10100
Convert 10 (base 7) to base 3.
21
-122 (base 3) to base 6
-25
What is -22 (base 9) in base 16?
-14
-4 (base 11) to base 5
-4
What is 3 (base 7) in base 15?
3
f (base 16) to base 6
23
Convert -97 (base 13) to base 9.
-147
What is 0 (base 10) in base 3?
0
Convert -102 (base 7) to base 9.
-56
Convert 337 (base 8) to base 2.
11011111
3 (base 11) to base 15
3
Convert 1044 (base 6) to base 4.
3310
10 (base 2) to base 16
2
What is -30 (base 11) in base 6?
-53
Convert 2 (base 9) to base 2.
10
Convert -6 (base 13) to base 3.
-20
Convert 10 (base 3) to base 16.
3
21 (base 10) to base 8
25
What is 7 (base 12) in base 5?
12
What is 4 (base 8) in base 15?
4
What is 0 (base 16) in base 8?
0
What is 10 (base 2) in base 15?
2
12122 (base 3) to base 16
98
2 (base 12) to base 4
2
2 (base 3) to base 7
2
What is 8 (base 10) in base 9?
8
Convert -4 (base 16) to base 5.
-4
Convert 59 (base 15) to base 5.
314
What is 10011 (base 2) in base 9?
21
-23 (base 5) to base 12
-11
-31 (base 14) to base 10
-43
What is 13 (base 8) in base 6?
15
What is -9 (base 10) in base 4?
-21
-2020 (base 3) to base 8
-74
Convert -132 (base 4) to base 5.
-110
Convert 1 (base 7) to base 4.
1
What is -68 (base 14) in base 6?
-232
Convert -17 (base 14) to base 16.
-15
Convert 9 (base 11) to base 6.
13
What is 1 (base 11) in base 16?
1
What is 4 (base 10) in base 14?
4
What is 38 (base 9) in base 16?
23
Convert -4 (base 12) to base 9.
-4
Convert 10 (base 2) to base 12.
2
-2303 (base 4) to base 7
-344
4 (base 12) to base 4
10
-11111011 (base 2) to base 16
-fb
Convert 40 (base 5) to base 2.
10100
5 (base 10) to base 7
5
Convert 2 (base 16) to base 6.
2
What is -2 (base 11) in base 8?
-2
What is -4 (base 12) in base 11?
-4
1 (base 10) to base 12
1
-3 (base 10) to base 11
-3
Convert 9 (base 12) to base 14.
9
Convert -121 (base 3) to base 8.
-20
-36 (base 13) to base 6
-113
-11 (base 7) to base 10
-8
Convert -d (base 15) to base 14.
-d
-3a (base 11) to base 13
-34
What is 0 (base 8) in base 9?
0
What is 1b (base 12) in base 11?
21
Convert 5 (base 8) to base 5.
10
-22 (base 8) to base 12
-16
5 (base 11) to base 15
5
Convert -43 (base 13) to base 15.
-3a
Convert -2 (base 13) to base 5.
-2
Convert -201 (base 8) to base 3.
-11210
12 (base 6) to base 15
8
-12221 (base 3) to base 11
-136
5 (base 8) to base 12
5
Convert -80 (base 15) to base 9.
-143
Convert 10 (base 3) to base 12.
3
Convert 11 (base 2) to base 6.
3
What is -24 (base 9) in base 16?
-16
What is 2220 (base 3) in base 6?
210
26 (base 7) to base 8
24
What is -1001 (base 2) in base 11?
-9
-132 (base 4) to base 6
-50
What is -212 (base 8) in base 4?
-2022
3 (base 5) to base 16
3
What is -3 (base 9) in base 13?
-3
-2 (base 3) to base 8
-2
100100 (base 2) to base 14
28
What is 5 (base 9) in base 12?
5
Wha